 7, -z + 2 = 2*z - f. Let d = y + z. Let b(h) = h**3 + 3*h**2 - 3*h - 3. What is b(d)?
6
Let b be (3 + -8 + 3)/(-1). Let m(q) = q. Give m(b).
2
Let c(r) = r + 9. Let u be 2/3*(-2 - 7). Let t be 21/(-4) + u/(-24). Let l be c(t). Let y(q) = -q + 5. Calculate y(l).
1
Let l(w) be the second derivative of w**5/20 + 5*w**4/12 + w**3 + w**2 + w. Suppose 0 = -4*i + 4*v - 32, -4*i + 0*i = 4*v. Give l(i).
-6
Let w(z) = z**2 - 4*z - 5. Suppose -3*i - 42 = -10*i. Determine w(i).
7
Suppose -7*d + 2*d = 3*i + 45, 0 = 2*d - 3*i - 3. Let j be (8/d)/((-8)/36). Let n(y) = -2*y + 4*y - j + 0*y - 1. What is n(5)?
3
Let t(q) = -q - 4. Let x = -6 - -4. Let g(k) = -2*k + 4 - 2*k**3 - 3 + 4*k + k**3. Let w be g(x). What is t(w)?
-9
Suppose 4*n - 13 = -5. Let i(y) = -4*y + 11*y + 2*y**2 + 0*y**2 + n - y**2. Let r be i(-6). Let l(k) = -k**3 - 4*k**2 + k + 2. Give l(r).
-2
Let v(o) be the second derivative of -o**7/168 - o**5/60 + o**4/24 + 2*o**3/3 + 6*o. Let x(d) be the second derivative of v(d). What is x(1)?
-6
Let j(l) = -l**2 + 5*l - 7. Let i = 24 - 19. What is j(i)?
-7
Let x(k) = k - 1. Suppose 2*l - 25 - 7 = -4*y, -5*y + 22 = -2*l. Determine x(y).
5
Suppose -5*h + 4*y = -27, -5*h = -5*y - 47 + 17. Let t(f) = -h + 4*f - 7*f + 2 + 0. What is t(-5)?
14
Let x(k) = -10*k**2. Let i be -3*(2 - 3) + -3 - -1. Determine x(i).
-10
Suppose 2*a = p - 11, 3*a + 3 + 1 = -p. Let b(k) = -k - 3. Determine b(p).
-8
Let c(x) = -23*x + 15*x + x**3 + 4 + 4*x**2 + 13*x. Give c(-3).
-2
Suppose -69 + 65 = 2*n. Let s(f) = -8*f. Determine s(n).
16
Let y be (24/(-14))/(4/(-14)). Let i = y - 7. Let x(w) = 0 + 0*w + 3*w - 1. What is x(i)?
-4
Let x(q) = -2 - 3*q - 4 + 3. Let v(z) = -z + 12. Let s be v(14). What is x(s)?
3
Let g(n) = n**3 - 4*n**2 - 5*n - 1. Let c be g(5). Let r(b) = -b**3 + 6*b**3 - 4*b**3. Determine r(c).
-1
Let v(n) = n**2 - 6*n - 2. Let y be v(7). Let t(u) = -y + 1 + 3 + 4*u + 2. What is t(-1)?
-3
Let t(j) = -6*j**3 + 2*j + 2*j - 3*j + 4*j**3. What is t(-1)?
1
Let l(d) = -d**2 + 4*d + 2. Suppose 29 = 4*c + 5*h, -6*h + 4*h = 3*c - 20. Determine l(c).
-10
Let p(u) be the first derivative of 8 - 3*u - 3/2*u**2. Let m be (-4)/3 + 2/(-3). What is p(m)?
3
Let p(f) = -f - 2. Let a(g) = -3. Let m(v) = -2 + 1 - 1 + 0. Let c(n) = -5*a(n) + 8*m(n). Let u(h) = -2*c(h) - 2*p(h). Determine u(-5).
-4
Let d(s) = s**2 - 3*s. Suppose -j = 50 - 53. Calculate d(j).
0
Let z(d) = -d - 9. Let q be z(0). Let x(v) = -v**3 - 10*v**2 - 9*v + 3. What is x(q)?
3
Let l(a) = -4*a**2 + a + 1. Let m(x) = -x**2 - 5*x + 1. Let i be m(-5). Let k = 1 - i. Suppose 5*o + 30 = 5*d, k = o - 0*o + 2*d - 9. Give l(o).
-4
Suppose 2*n - 6 = 3*g, 5*n - 7 = 2*g + 8. Let y = g + 3. Let p(t) = 2*t**2 - 3*t - 3. Give p(y).
6
Let z(o) = -o**2 - 10*o - 10. Let b = 102 + -111. What is z(b)?
-1
Let y(w) be the first derivative of w**2/2 - 4*w - 1. Let h(d) = d**3 + 15*d**2 - 18*d - 27. Let z be h(-16). Calculate y(z).
1
Suppose 2*r + 2 - 4 = 0. Suppose -3*z - 7 = -r. Let j(t) = -t**3 - 4*t**2 - 4*t - 2. Calculate j(z).
-2
Let x(p) = 2*p**2 + p - 1. Let i(w) = w**2 + w - 1. Let u(s) = -3*i(s) + 2*x(s). Determine u(4).
13
Let c(b) = b**3 + 17*b**2 - 18*b + 3. Let i be c(-18). Let v(x) = x**2 - 5*x + 4. Determine v(i).
-2
Let u(p) = -p**2 + 8*p + 5. Let d be u(8). Let y(w) = -5*w**2 + 2*w**2 - 1 + w**3 + d + w - 5. Determine y(2).
-3
Let o(i) = -7*i - i**2 + 2*i - 5 - i. Determine o(-4).
3
Suppose 4*v = 5*q - 38, 0 = 2*v + 3 + 1. Let l(d) = -d + 10. Give l(q).
4
Let h(z) = 6*z**2 + 22*z - 16. Let x(u) = -2*u**2 - 7*u + 5. Let d(q) = 2*h(q) + 7*x(q). Give d(-4).
-9
Let f(h) = h**3 - 5*h**2 + 4*h + 1. Let l = 16 + -13. Give f(l).
-5
Let k(j) = j**2 - j - 2. Let h be k(-2). Let y = -2 + h. Let r(a) be the third derivative of -a**6/60 + a**5/30 + a**4/12 - a**3/3 - 2*a**2. Give r(y).
-6
Let f(u) = 2*u + 3. Let t = 16 - 20. Determine f(t).
-5
Let z(k) be the third derivative of -k**5/60 + 7*k**4/24 - k**3/2 + 17*k**2 - 2*k. Calculate z(6).
3
Let w(m) = -m**3 + 4*m**2 - 4*m + 4. Let h = -35 + 38. Give w(h).
1
Let p(s) be the first derivative of -s**2/2 + 4*s + 10. Give p(3).
1
Let t(c) = 2*c - 7. Let j(m) = m**3 - 11*m**2 + 9*m + 14. Let y be j(10). Suppose 0 = -5*d - 2*q + 17, 0 = -8*d + 4*d - y*q + 4. What is t(d)?
3
Let w(p) be the first derivative of 5/4*p**4 - 1 - p - 1/2*p**2 - 1/3*p**3. Determine w(-1).
-6
Let b be (-2)/24*-3 - 57/(-12). Let r(o) = o**3 - 6*o**2 + 6*o - 4. Give r(b).
1
Let x = -8 - -6. Let s be x/5 + (-2)/(-5). Let n be s/4 - (2 - 1). Let k(d) = -3*d**2 - d. What is k(n)?
-2
Let y = 85 - 47. Let j(w) = w**3 - 4*w**2 + 38*w - y*w - 5. Let r be (0 - -1) + 0 - -3. Calculate j(r).
-5
Let o(k) be the first derivative of k**3/3 - 7*k**2/2 + 6*k - 24. Determine o(8).
14
Let u(w) = 7*w**2 + 6*w - 11. Let h(l) = 6*l**2 + 5*l - 10. Let t(s) = 6*h(s) - 5*u(s). What is t(0)?
-5
Let g be (-2)/8 - (-26)/8. Let n(v) = -8*v - 3. Let d(r) = 105*r + 40. Let k(z) = g*d(z) + 40*n(z). Calculate k(-2).
10
Let z(j) = -3*j. Let o(p) be the third derivative of p**5/60 + p**4/24 + p**3/6 - p**2. Let f be o(-1). Determine z(f).
-3
Suppose -3*d = -6 - 0. Let m(w) = 4 - d + 2*w - 4. Calculate m(2).
2
Let o(r) = r**3 - 4*r**2 - 3*r + 6. Let u(s) = s**3 + s**2 + 4. Let z be u(0). Let a be o(z). Let n = -2 - a. Let l(y) = -y**3 + 4*y**2 - 2*y + 5. What is l(n)?
-3
Let x(p) = -3*p - 1. Suppose -4*b + 2 + 2 = 0. Suppose 4*g + 20 = 4*c, 4*g + b = -11. Calculate x(c).
-7
Suppose 0*i - 60 = -3*i. Suppose -v - i = 3*v. Let q(p) = p**3 + 6*p**2 + 6*p - 3. Calculate q(v).
-8
Let d = 15 - 16. Let l be -1 + 3/d + 5. Let t(u) = -3*u**3 - u**2 + u. Determine t(l).
-3
Let c(d) = -d - 2. Suppose 5 - 25 = -5*p. Suppose -2*u + 2 = p*b, 3*b = -0*b - 2*u. Suppose -2*t - 8 = -b. Determine c(t).
1
Let n(x) = 2*x - 8. Let j(y) = -3*y. Let i be j(-2). Suppose i*u - 2*u - 24 = 0. Let g be n(u). Let p(f) = f**3 - 4*f**2 + f - 4. Calculate p(g).
0
Let c(t) = -7 - t**2 - 4 + 9 + 2*t. Determine c(4).
-10
Let a(z) be the second derivative of z**4/12 - 3*z**3/2 - z**2/2 - 11*z. Determine a(9).
-1
Let z(h) = h**2 - 3*h - 4. Suppose -t - 2 = -3*t. Suppose 5*k - 15 = -5*y, -k = -4*k - 2*y + 8. Suppose -u + t = -k. Give z(u).
-4
Suppose 6*c = 8*c + 6. Let k(f) = 0*f**3 - 4 + 2*f - f**3 - 6*f**2 + 4*f**2. Give k(c).
-1
Let f(l) = l**2 + 7*l - 1. Let m be f(-5). Let g = m + 15. Let x be 1 + (g - 2 - 4). Let p(n) = 3*n**2 + n. Calculate p(x).
2
Let g(j) be the third derivative of j**6/120 + j**5/12 + j**4/6 - j**3/6 - 2*j**2. Suppose 3 - 15 = 3*b. What is g(b)?
-1
Let c(f) = f**3 - f**2 - f - 1. Let n(l) = -17*l**3 + 5*l**2 + 8*l + 5. Let z(i) = -6*c(i) - n(i). Let a = -8 - -13. Let d be a/2 - (-3)/(-2). Calculate z(d).
11
Let h(v) = -14*v**2 - 13*v**2 + 6*v + 8 + 26*v**2. Determine h(6).
8
Let s(q) = -q**2 - q - 2. Let w be s(0). Let a = 11 + -8. Let b(t) = -4*t - 3 - 3*t + a*t. What is b(w)?
5
Suppose 3*i - 3 = -4*g, 0 = -g + i - 1 - 0. Suppose g*a + 2 = a. Let l(d) = -d**3 + 2*d**2 + d + 2. Calculate l(a).
4
Let q = 6 + -3. Suppose -9 = -2*w - 0*w - o, 3*w - 18 = -q*o. Suppose -g + 2*r + 8 = w*r, -37 = -5*g - 4*r. Let i(t) = t. Give i(g).
5
Let j(w) be the second derivative of w**5/20 - w**4/2 + w**3/2 - 14*w. What is j(2)?
-10
Let f(a) be the second derivative of -a**6/180 + a**5/60 - 3*a**4/4 + 4*a. Let n(u) be the third derivative of f(u). Let p be 2*(-1 - 0)*-1. Give n(p).
-6
Let r(x) = -x - 2. Suppose 4*a - 22 = -2. Let o be (a - 7)*(-10)/4. Calculate r(o).
-7
Let f(r) = -r**2 - 5*r - 1. Let d be (-4)/(-18) + 845/45. Let c = -25 + d. What is f(c)?
-7
Let n(t) = -t. Let l be n(-3). Suppose l + 13 = -4*h. Let b(x) = 2*x + 1. Give b(h).
-7
Let o(i) be the first derivative of 2*i**3/3 - 7*i**2/2 - 8*i - 10. Let w(z) = -z**2 + z + 1. Let v(g) = -o(g) - 3*w(g). Determine v(-4).
5
Let h(f) = -2*f + 3*f + 3 + 6. Let o be h(-5). Let u(z) = -4*z + o + 3*z - 1. What is u(-3)?
6
Let z = 6 + -3. Suppose 3*h - z = 6. Suppose -h*k + k = -6. Let t(x) = 2*x + 3. Calculate t(k).
9
Suppose 0 = -5*p - 5 - 0, -v - 13 = -5*p. Let r = v + 26. Suppose 2*w = 4*u - r, -u - 12 = -w - 3*w. Let n(o) = o**2 - 6*o + 4. What is n(w)?
-4
Let s be (-4)/(-6)*3 + -9. Let m be -4 + (-2 - -4) - s. Let b(z) = -z**2 + 6*z**3 - 4 + m + 2*z**2 - 2. Calculate b(1).
6
Let x(d) be the second derivative of 3*d